 t.
29
Let c be 66 - 60 - (-7 - 2). Let a(b) = -7*b + 1. Let x be a(-2). What is the greatest common divisor of c and x?
15
Let u(p) = -p**3 + 10*p**2 - 6*p - 12. Let z be u(6). Suppose 0 = -3*q + 6*q - z. What is the highest common divisor of 4 and q?
4
Let l = -307 + 555. Let y = -298 - -484. Let d be 3/(-2)*y/(-9). What is the greatest common factor of l and d?
31
Suppose -3*t + 0*t = 5*o + 317, 0 = 2*o + 4*t + 138. Let n = 87 + o. Let r = 90 - -92. Calculate the highest common divisor of r and n.
26
Let q be (40/(-80))/((-2)/(-1064)*-2). What is the greatest common divisor of 57 and q?
19
Let f = -7581 + 7657. Suppose -i + 1 = -18. What is the greatest common factor of f and i?
19
Let s = -565 - -621. Calculate the highest common divisor of s and 12.
4
Let i = -110 - -215. Let f be 5/(-95) + (-1598)/(-38). Calculate the highest common divisor of f and i.
21
Suppose -m = 5*h - 1, 2*m - 4 = 3*h - 15. Let d be (64/80)/(h/35). Calculate the highest common factor of 7 and d.
7
Suppose 2*c + 30 + 24 = 0. Let i = c + 30. Let x be -27*2*1/(-2). Calculate the highest common divisor of x and i.
3
Suppose 0 = -0*q + q + 3*x - 352, 2*x = 5*q - 1828. Suppose 6*t = q + 434. What is the highest common factor of 19 and t?
19
Let l(g) = 18*g**2 + 16*g + 58. Let h be l(-7). Calculate the greatest common factor of h and 18.
18
Let j be 4*((-292)/(-8) + -4 + 2). Calculate the highest common factor of j and 184.
46
Suppose 137 - 41 = 4*p. Let m = -15 + 21. Suppose m*h - 576 = 3*h. What is the highest common factor of h and p?
24
Let q be 27/(-45) - 146/(-10). Let s = 13 - q. Let i(z) = -8*z**3 - 2*z - 1. Let o be i(s). What is the greatest common factor of 1 and o?
1
Let i be -3*((-1)/(-1))/(-3). Let f be (2 + i - 2)*50. Let q(r) = 2*r + 48. Let w be q(-19). What is the greatest common factor of w and f?
10
Let n = -890 - -1034. Let x be (12/(-5))/(8/(-60)). Let m = x - 2. What is the highest common divisor of n and m?
16
Let o be (-2)/(-13) + (-1152)/(-117). Let t(j) = -j**3 - 7*j**2 - 7*j - 4. Suppose 2*z + 3 = -9. Let r be t(z). What is the greatest common divisor of o and r?
2
Suppose d + y = 358 - 26, 0 = y + 4. Calculate the greatest common factor of d and 252.
84
Suppose 3*q - o = 88, -3*o - 54 = -q - q. Suppose 2*w - q = 4*j, 7 = -2*w - 4*j - 3. What is the greatest common divisor of 10 and w?
5
Let w be ((-3)/(-9))/((-4)/(-12) + 0). Let c be (-1 - 1)/(w*2/(-220)). Let l = 15 + 5. Calculate the highest common divisor of c and l.
20
Let d = -771 + 1550. What is the greatest common divisor of 38 and d?
19
Suppose -4*k + 27 = -29. Suppose 40*o + 1120 = 120*o. Calculate the greatest common divisor of o and k.
14
Let j(z) = 4*z**3 - 3*z**2. Let c be j(2). Suppose -5*t = c, 4*u - 2*u - t = 32. Let q = 603 - 505. What is the highest common factor of u and q?
14
Suppose 0 = 7*c - 4*c - 189. Let h be 2/(6/c) + -3. What is the greatest common factor of h and 36?
18
Let q = 0 - 5. Let y(r) = -r**3 - 5*r**2 - r - 2. Let s be y(q). Let i = 22 + s. Calculate the greatest common divisor of i and 25.
25
Let w be (-30 - -1)/((-1)/9). Let t = -1749 - -1778. What is the highest common factor of t and w?
29
Let h = -286 - -556. What is the highest common factor of 108 and h?
54
Suppose -3*i + 2*x + 24 = 3, -3 = -2*i + 5*x. Calculate the highest common factor of i and 144.
9
Let k(i) = -1 + 0*i - 3*i - 10 + 2*i. Let m be k(-10). Let r be ((-8)/1)/(m/2). Calculate the greatest common factor of 16 and r.
16
Suppose -50*h = -62*h + 192. Let t = -301 - -690. Let k = t + -245. Calculate the highest common factor of h and k.
16
Suppose 3*s + 3*y - 57 = 0, -2*s - 2*y + 82 = 2*s. Suppose m = t - 194, 4*m - 3*m = -t + 202. What is the greatest common factor of s and t?
22
Suppose i = 3 + 18. Suppose -5*y + 175 = -0. Let n = i + y. What is the highest common factor of n and 7?
7
Suppose 0 = w + 4*l - 5 - 56, -1 = -l. What is the highest common divisor of 95 and w?
19
Suppose -119*u - 126 = -126*u. Let t(y) = y**2 - 6*y - 7. Let c be t(7). Suppose c = -l + 42 + 48. What is the highest common divisor of l and u?
18
Let r(w) = -2*w**3 + w. Let g be r(-1). Let d be g/((1/3)/((-28)/(-12))). What is the greatest common factor of 49 and d?
7
Let r be 5 + (0 - -2)/2. Let x(a) = 5*a**2 + 2*a - 1. Let f be ((-2)/1)/((-5 - -6)/1). Let n be x(f). Calculate the greatest common factor of n and r.
3
Let c(s) = 3*s**3 - 2*s**2 - 3*s - 4. Suppose 0 = 6*m + m - 21. Let f be c(m). What is the highest common factor of f and 10?
10
Let b be (-17 - 1)/((-4)/18). Suppose -10*s = -9*s + 8. Let d be (18/s)/(2/(-8)). What is the greatest common divisor of b and d?
9
Let z(i) = -11*i**2 - 4*i + 6 + 8 - i**3 - 17. Let j be z(-12). Suppose 5 - 59 = -2*a. What is the greatest common divisor of j and a?
27
Suppose 0 = p - 6*p - 65. Let v = p - -31. What is the greatest common divisor of 72 and v?
18
Suppose 3*w + 2*o - 5763 = 0, 3*w - 2*w + 2*o = 1921. What is the greatest common divisor of w and 17?
17
Let w(p) = 7*p**2 - 3*p + 1. Let a be w(1). Suppose 0 = 3*n + 2*n + h - 645, a*h - 409 = -3*n. What is the highest common divisor of 16 and n?
16
Let g(t) = -t**2 - 11*t + 4. Let m be g(-8). Suppose 4*n - 680 = 2*r, n + n = -3*r + 324. Calculate the highest common divisor of n and m.
28
Suppose -3*f = -7*f - 8. Let o be (-2)/f*-4*(-30)/24. What is the greatest common divisor of 5 and o?
5
Let m be 109 - (1/1 + 3 + -3). Calculate the greatest common divisor of m and 54.
54
Let t(l) = l + 36. Let i be t(0). Suppose 9 = 2*r - a - 8, -4*r = 4*a - 40. Calculate the greatest common factor of r and i.
9
Let o(w) = w**3 + 5*w**2 + 5*w + 1. Let l be o(-4). Let m be (18/(-4))/((-3)/(-4)). Let r be l + (-1 + m)*-1. Calculate the greatest common divisor of 32 and r.
4
Let a be 48/(-168) + (-65)/(-7). What is the highest common divisor of 288 and a?
9
Let b be (2/(-6))/((-2)/6). Let u(d) = d + 6. Let k = 11 - 6. Let y be u(k). Calculate the greatest common divisor of b and y.
1
Suppose -9*f + 40 = -4*f. Let t = 13 + -9. Let b be 2*(-2)/t*(-4 - -2). What is the greatest common factor of b and f?
2
Let r be 72/3 + 8/(-4). Let n = r + 0. What is the greatest common factor of n and 242?
22
Let a be (-394)/(-4) + (-2)/4. Let r be 880/(-15) - (-4)/6. Let u = a + r. What is the greatest common factor of u and 10?
10
Suppose 302*v - 290*v - 432 = 0. Let m be (-5 + (-1 - 0))*-4. Calculate the highest common factor of m and v.
12
Suppose -5*s + j = -711, -5*s + 2*j + 428 = -2*s. Suppose -5*q + 413 = -s. What is the greatest common divisor of 37 and q?
37
Let z(w) = 3*w + 30. Let g(u) = u + 10. Let s(r) = 14*g(r) - 4*z(r). Let b be s(11). Calculate the highest common divisor of b and 6.
6
Let l = 2202 + -2046. What is the greatest common divisor of l and 192?
12
Let i(r) = r**3 - 5*r**2 - 16*r + 23. Let x be i(7). Let k = 13 + 68. Calculate the highest common divisor of k and x.
9
Let b(x) = -x**3 - 17*x**2 + 36*x + 43. Let o be b(-19). Calculate the greatest common divisor of o and 351.
27
Suppose 0 = 3*d - 166 + 34. Let r = -2983 - -3093. Calculate the greatest common factor of r and d.
22
Suppose 9*q = 7*q + 24. Let y be (q/14)/((-3)/(-21)). What is the highest common divisor of 42 and y?
6
Let z(b) = b**3 - 12*b**2 + 17*b + 4. Let j be z(11). Suppose 3*k - 1 = -a + 3, -2*k + 46 = 5*a. Calculate the greatest common divisor of a and j.
10
Let i be ((-46)/(-4))/((-4)/(-8)). Suppose -1 = -3*y + i. Let u = y + -3. Calculate the highest common divisor of 25 and u.
5
Let n = 265 + -45. Let s be (n/(-30))/((-2)/12). Calculate the highest common divisor of 4 and s.
4
Suppose -134 = 2*a + 2*y, y - 429 = 5*a - 70. Let q = a - -110. Calculate the highest common factor of q and 273.
39
Suppose 11 = -4*r + 35. Suppose r*h - 420 = -96. What is the highest common factor of h and 27?
27
Suppose 0 = d + 2*a - 45, 3*d + 134 = 6*d + 5*a. Calculate the greatest common factor of 172 and d.
43
Let x be (248/24 + -9)*(1793 + 1). Calculate the highest common divisor of 23 and x.
23
Suppose -3*v = v - 84. Let p(q) = -167*q + 1003. Let b be p(5). What is the greatest common divisor of v and b?
21
Let j(s) = 225*s**3 - s**2 + s. Let u = 180 + -179. Let c be j(u). Calculate the highest common divisor of 9 and c.
9
Let o be (-26)/(-26) + 219*1 + 0. What is t